{"id":6913,"date":"2021-02-28T17:56:48","date_gmt":"2021-02-28T16:56:48","guid":{"rendered":"https:\/\/www.koehlerpappen.de\/mentions-legales\/"},"modified":"2026-01-26T14:27:16","modified_gmt":"2026-01-26T13:27:16","slug":"mentions-legales","status":"publish","type":"page","link":"https:\/\/www.koehlerpappen.de\/fr\/mentions-legales\/","title":{"rendered":"Mentions l\u00e9gales"},"content":{"rendered":"\t\t<div data-elementor-type=\"wp-page\" data-elementor-id=\"6913\" class=\"elementor elementor-6913 elementor-7\" data-elementor-post-type=\"page\">\n\t\t\t\t\t\t<section class=\"elementor-section elementor-top-section elementor-element elementor-element-a8e4737 elementor-section-boxed elementor-section-height-default elementor-section-height-default\" data-id=\"a8e4737\" data-element_type=\"section\" data-e-type=\"section\" data-settings=\"{&quot;jet_parallax_layout_list&quot;:[]}\">\n\t\t\t\t\t\t<div class=\"elementor-container elementor-column-gap-default\">\n\t\t\t\t\t<div class=\"elementor-column elementor-col-100 elementor-top-column elementor-element elementor-element-ee4d5f0\" data-id=\"ee4d5f0\" data-element_type=\"column\" data-e-type=\"column\">\n\t\t\t<div class=\"elementor-widget-wrap elementor-element-populated\">\n\t\t\t\t\t\t\t<\/div>\n\t\t<\/div>\n\t\t\t\t\t<\/div>\n\t\t<\/section>\n\t\t\t\t<section class=\"elementor-section elementor-top-section elementor-element elementor-element-46dca5e legal-text elementor-section-boxed elementor-section-height-default elementor-section-height-default\" data-id=\"46dca5e\" data-element_type=\"section\" data-e-type=\"section\" data-settings=\"{&quot;jet_parallax_layout_list&quot;:[]}\">\n\t\t\t\t\t\t<div class=\"elementor-container elementor-column-gap-default\">\n\t\t\t\t\t<div class=\"elementor-column elementor-col-100 elementor-top-column elementor-element elementor-element-30b3892\" data-id=\"30b3892\" data-element_type=\"column\" data-e-type=\"column\">\n\t\t\t<div class=\"elementor-widget-wrap elementor-element-populated\">\n\t\t\t\t\t\t<div class=\"elementor-element elementor-element-4fabaa7 elementor-widget elementor-widget-text-editor\" data-id=\"4fabaa7\" data-element_type=\"widget\" data-e-type=\"widget\" data-widget_type=\"text-editor.default\">\n\t\t\t\t<div class=\"elementor-widget-container\">\n\t\t\t\t\t\t\t\t\t<div id=\"c22\" class=\"frame frame-default frame-type-text frame-layout-0\"><div class=\"csc-default\"><p class=\"bodytext\">Geiger GmbH<br \/>Gr\u00fcnstra\u00dfe 4<br \/>77723 Gengenbach\/Schwarzwald<\/p><p class=\"bodytext\">Registre du commerce : HRB 734457<br \/>Tribunal d&rsquo;enregistrement : Tribunal d&rsquo;instance de Fribourg<\/p><p><strong>Celle-ci repr\u00e9sent\u00e9e par:<\/strong><br \/>Christian Geiger, Yannic Geiger<\/p><h2>Contact<\/h2><p>T\u00e9l\u00e9phone : +49 (0) 78 03 \/ 809-0<br \/>E-mail : info@koehlerboard.com<\/p><h2>Num\u00e9ro d&rsquo;identification fiscale<\/h2><p>Num\u00e9ro d&rsquo;identification TVA conform\u00e9ment au \u00a7 27 a de la loi allemande sur la TVA :<br \/>DE459056680<\/p><h2>R\u00e8glement des litiges avec les consommateurs\/organisme universel de conciliation<\/h2><p>Nous ne sommes ni dispos\u00e9s ni oblig\u00e9s de participer \u00e0 des proc\u00e9dures de r\u00e8glement des litiges devant un organisme de conciliation des consommateurs.<\/p><\/div><\/div><div id=\"lt-accessibility-devtools\" aria-hidden=\"true\">\u00a0<\/div>\t\t\t\t\t\t\t\t<\/div>\n\t\t\t\t<\/div>\n\t\t\t\t\t<\/div>\n\t\t<\/div>\n\t\t\t\t\t<\/div>\n\t\t<\/section>\n\t\t\t\t<\/div>\n\t\t","protected":false},"excerpt":{"rendered":"<p>Geiger GmbHGr\u00fcnstra\u00dfe 477723 Gengenbach\/Schwarzwald Registre du commerce : HRB 734457Tribunal d&rsquo;enregistrement : Tribunal d&rsquo;instance de Fribourg Celle-ci repr\u00e9sent\u00e9e par:Christian Geiger, Yannic Geiger Contact T\u00e9l\u00e9phone : +49 (0) 78 03 \/ 809-0E-mail : info@koehlerboard.com Num\u00e9ro d&rsquo;identification fiscale Num\u00e9ro d&rsquo;identification TVA conform\u00e9ment au \u00a7 27 a de la loi allemande sur la TVA :DE459056680 R\u00e8glement des litiges [&hellip;]<\/p>\n","protected":false},"author":8,"featured_media":0,"parent":0,"menu_order":90,"comment_status":"closed","ping_status":"closed","template":"elementor_header_footer","meta":{"footnotes":""},"class_list":["post-6913","page","type-page","status-publish","hentry"],"yoast_head":"<title>Mentions l\u00e9gales - K\u00f6hlerpappen GmbH<\/title>\n<meta name=\"robots\" content=\"index, follow, max-snippet:-1, max-image-preview:large, max-video-preview:-1\" \/>\n<link rel=\"canonical\" href=\"https:\/\/www.koehlerpappen.de\/fr\/mentions-legales\/\" \/>\n<meta property=\"og:locale\" content=\"fr_FR\" \/>\n<meta property=\"og:type\" content=\"article\" \/>\n<meta property=\"og:title\" content=\"Mentions l\u00e9gales - K\u00f6hlerpappen GmbH\" \/>\n<meta property=\"og:description\" content=\"Geiger GmbHGr\u00fcnstra\u00dfe 477723 Gengenbach\/Schwarzwald Registre du commerce : HRB 734457Tribunal d&rsquo;enregistrement : Tribunal d&rsquo;instance de Fribourg Celle-ci repr\u00e9sent\u00e9e par:Christian Geiger, Yannic Geiger Contact T\u00e9l\u00e9phone : +49 (0) 78 03 \/ 809-0E-mail : info@koehlerboard.com Num\u00e9ro d&rsquo;identification fiscale Num\u00e9ro d&rsquo;identification TVA conform\u00e9ment au \u00a7 27 a de la loi allemande sur la TVA :DE459056680 R\u00e8glement des litiges [&hellip;]\" \/>\n<meta property=\"og:url\" content=\"https:\/\/www.koehlerpappen.de\/fr\/mentions-legales\/\" \/>\n<meta property=\"og:site_name\" content=\"K\u00f6hlerpappen GmbH\" \/>\n<meta property=\"article:modified_time\" content=\"2026-01-26T13:27:16+00:00\" \/>\n<meta name=\"twitter:card\" content=\"summary_large_image\" \/>\n<meta name=\"twitter:label1\" content=\"Dur\u00e9e de lecture estim\u00e9e\" \/>\n\t<meta name=\"twitter:data1\" content=\"1 minute\" \/>\n<script type=\"application\/ld+json\" class=\"yoast-schema-graph\">{\"@context\":\"https:\\\/\\\/schema.org\",\"@graph\":[{\"@type\":\"WebPage\",\"@id\":\"https:\\\/\\\/www.koehlerpappen.de\\\/fr\\\/mentions-legales\\\/\",\"url\":\"https:\\\/\\\/www.koehlerpappen.de\\\/fr\\\/mentions-legales\\\/\",\"name\":\"Mentions l\u00e9gales - K\u00f6hlerpappen GmbH\",\"isPartOf\":{\"@id\":\"https:\\\/\\\/www.koehlerpappen.de\\\/fr\\\/#website\"},\"datePublished\":\"2021-02-28T16:56:48+00:00\",\"dateModified\":\"2026-01-26T13:27:16+00:00\",\"breadcrumb\":{\"@id\":\"https:\\\/\\\/www.koehlerpappen.de\\\/fr\\\/mentions-legales\\\/#breadcrumb\"},\"inLanguage\":\"fr-FR\",\"potentialAction\":[{\"@type\":\"ReadAction\",\"target\":[\"https:\\\/\\\/www.koehlerpappen.de\\\/fr\\\/mentions-legales\\\/\"]}]},{\"@type\":\"BreadcrumbList\",\"@id\":\"https:\\\/\\\/www.koehlerpappen.de\\\/fr\\\/mentions-legales\\\/#breadcrumb\",\"itemListElement\":[{\"@type\":\"ListItem\",\"position\":1,\"name\":\"Page d'accueil\",\"item\":\"https:\\\/\\\/www.koehlerpappen.de\\\/fr\\\/accueil-koehlerpappen\\\/\"},{\"@type\":\"ListItem\",\"position\":2,\"name\":\"Mentions l\u00e9gales\"}]},{\"@type\":\"WebSite\",\"@id\":\"https:\\\/\\\/www.koehlerpappen.de\\\/fr\\\/#website\",\"url\":\"https:\\\/\\\/www.koehlerpappen.de\\\/fr\\\/\",\"name\":\"K\u00f6hlerpappen GmbH\",\"description\":\"\",\"publisher\":{\"@id\":\"https:\\\/\\\/www.koehlerpappen.de\\\/fr\\\/#organization\"},\"potentialAction\":[{\"@type\":\"SearchAction\",\"target\":{\"@type\":\"EntryPoint\",\"urlTemplate\":\"https:\\\/\\\/www.koehlerpappen.de\\\/fr\\\/?s={search_term_string}\"},\"query-input\":{\"@type\":\"PropertyValueSpecification\",\"valueRequired\":true,\"valueName\":\"search_term_string\"}}],\"inLanguage\":\"fr-FR\"},{\"@type\":\"Organization\",\"@id\":\"https:\\\/\\\/www.koehlerpappen.de\\\/fr\\\/#organization\",\"name\":\"K\u00f6hlerpappen GmbH\",\"url\":\"https:\\\/\\\/www.koehlerpappen.de\\\/fr\\\/\",\"logo\":{\"@type\":\"ImageObject\",\"inLanguage\":\"fr-FR\",\"@id\":\"https:\\\/\\\/www.koehlerpappen.de\\\/fr\\\/#\\\/schema\\\/logo\\\/image\\\/\",\"url\":\"https:\\\/\\\/www.koehlerpappen.de\\\/wp-content\\\/uploads\\\/logo_koehlerpappen.svg\",\"contentUrl\":\"https:\\\/\\\/www.koehlerpappen.de\\\/wp-content\\\/uploads\\\/logo_koehlerpappen.svg\",\"width\":134.22,\"height\":50.5,\"caption\":\"K\u00f6hlerpappen GmbH\"},\"image\":{\"@id\":\"https:\\\/\\\/www.koehlerpappen.de\\\/fr\\\/#\\\/schema\\\/logo\\\/image\\\/\"}}]}<\/script>","yoast_head_json":{"title":"Mentions l\u00e9gales - K\u00f6hlerpappen GmbH","robots":{"index":"index","follow":"follow","max-snippet":"max-snippet:-1","max-image-preview":"max-image-preview:large","max-video-preview":"max-video-preview:-1"},"canonical":"https:\/\/www.koehlerpappen.de\/fr\/mentions-legales\/","og_locale":"fr_FR","og_type":"article","og_title":"Mentions l\u00e9gales - K\u00f6hlerpappen GmbH","og_description":"Geiger GmbHGr\u00fcnstra\u00dfe 477723 Gengenbach\/Schwarzwald Registre du commerce : HRB 734457Tribunal d&rsquo;enregistrement : Tribunal d&rsquo;instance de Fribourg Celle-ci repr\u00e9sent\u00e9e par:Christian Geiger, Yannic Geiger Contact T\u00e9l\u00e9phone : +49 (0) 78 03 \/ 809-0E-mail : info@koehlerboard.com Num\u00e9ro d&rsquo;identification fiscale Num\u00e9ro d&rsquo;identification TVA conform\u00e9ment au \u00a7 27 a de la loi allemande sur la TVA :DE459056680 R\u00e8glement des litiges [&hellip;]","og_url":"https:\/\/www.koehlerpappen.de\/fr\/mentions-legales\/","og_site_name":"K\u00f6hlerpappen GmbH","article_modified_time":"2026-01-26T13:27:16+00:00","twitter_card":"summary_large_image","twitter_misc":{"Dur\u00e9e de lecture estim\u00e9e":"1 minute"},"schema":{"@context":"https:\/\/schema.org","@graph":[{"@type":"WebPage","@id":"https:\/\/www.koehlerpappen.de\/fr\/mentions-legales\/","url":"https:\/\/www.koehlerpappen.de\/fr\/mentions-legales\/","name":"Mentions l\u00e9gales - K\u00f6hlerpappen GmbH","isPartOf":{"@id":"https:\/\/www.koehlerpappen.de\/fr\/#website"},"datePublished":"2021-02-28T16:56:48+00:00","dateModified":"2026-01-26T13:27:16+00:00","breadcrumb":{"@id":"https:\/\/www.koehlerpappen.de\/fr\/mentions-legales\/#breadcrumb"},"inLanguage":"fr-FR","potentialAction":[{"@type":"ReadAction","target":["https:\/\/www.koehlerpappen.de\/fr\/mentions-legales\/"]}]},{"@type":"BreadcrumbList","@id":"https:\/\/www.koehlerpappen.de\/fr\/mentions-legales\/#breadcrumb","itemListElement":[{"@type":"ListItem","position":1,"name":"Page d'accueil","item":"https:\/\/www.koehlerpappen.de\/fr\/accueil-koehlerpappen\/"},{"@type":"ListItem","position":2,"name":"Mentions l\u00e9gales"}]},{"@type":"WebSite","@id":"https:\/\/www.koehlerpappen.de\/fr\/#website","url":"https:\/\/www.koehlerpappen.de\/fr\/","name":"K\u00f6hlerpappen GmbH","description":"","publisher":{"@id":"https:\/\/www.koehlerpappen.de\/fr\/#organization"},"potentialAction":[{"@type":"SearchAction","target":{"@type":"EntryPoint","urlTemplate":"https:\/\/www.koehlerpappen.de\/fr\/?s={search_term_string}"},"query-input":{"@type":"PropertyValueSpecification","valueRequired":true,"valueName":"search_term_string"}}],"inLanguage":"fr-FR"},{"@type":"Organization","@id":"https:\/\/www.koehlerpappen.de\/fr\/#organization","name":"K\u00f6hlerpappen GmbH","url":"https:\/\/www.koehlerpappen.de\/fr\/","logo":{"@type":"ImageObject","inLanguage":"fr-FR","@id":"https:\/\/www.koehlerpappen.de\/fr\/#\/schema\/logo\/image\/","url":"https:\/\/www.koehlerpappen.de\/wp-content\/uploads\/logo_koehlerpappen.svg","contentUrl":"https:\/\/www.koehlerpappen.de\/wp-content\/uploads\/logo_koehlerpappen.svg","width":134.22,"height":50.5,"caption":"K\u00f6hlerpappen GmbH"},"image":{"@id":"https:\/\/www.koehlerpappen.de\/fr\/#\/schema\/logo\/image\/"}}]}},"_links":{"self":[{"href":"https:\/\/www.koehlerpappen.de\/fr\/wp-json\/wp\/v2\/pages\/6913","targetHints":{"allow":["GET"]}}],"collection":[{"href":"https:\/\/www.koehlerpappen.de\/fr\/wp-json\/wp\/v2\/pages"}],"about":[{"href":"https:\/\/www.koehlerpappen.de\/fr\/wp-json\/wp\/v2\/types\/page"}],"author":[{"embeddable":true,"href":"https:\/\/www.koehlerpappen.de\/fr\/wp-json\/wp\/v2\/users\/8"}],"replies":[{"embeddable":true,"href":"https:\/\/www.koehlerpappen.de\/fr\/wp-json\/wp\/v2\/comments?post=6913"}],"version-history":[{"count":28,"href":"https:\/\/www.koehlerpappen.de\/fr\/wp-json\/wp\/v2\/pages\/6913\/revisions"}],"predecessor-version":[{"id":11091,"href":"https:\/\/www.koehlerpappen.de\/fr\/wp-json\/wp\/v2\/pages\/6913\/revisions\/11091"}],"wp:attachment":[{"href":"https:\/\/www.koehlerpappen.de\/fr\/wp-json\/wp\/v2\/media?parent=6913"}],"curies":[{"name":"wp","href":"https:\/\/api.w.org\/{rel}","templated":true}]}}

Mentions légales

<div data-elementor-type="wp-page" data-elementor-id="6913" class="elementor elementor-6913 elementor-7" data-elementor-post-type="page">
						<section class="elementor-section elementor-top-section elementor-element elementor-element-a8e4737 elementor-section-boxed elementor-section-height-default elementor-section-height-default" data-id="a8e4737" data-element_type="section" data-e-type="section" data-settings="{&quot;jet_parallax_layout_list&quot;:[]}">
						<div class="elementor-container elementor-column-gap-default">
					<div class="elementor-column elementor-col-100 elementor-top-column elementor-element elementor-element-ee4d5f0" data-id="ee4d5f0" data-element_type="column" data-e-type="column">
			<div class="elementor-widget-wrap elementor-element-populated">
							</div>
		</div>
					</div>
		</section>
				<section class="elementor-section elementor-top-section elementor-element elementor-element-46dca5e legal-text elementor-section-boxed elementor-section-height-default elementor-section-height-default" data-id="46dca5e" data-element_type="section" data-e-type="section" data-settings="{&quot;jet_parallax_layout_list&quot;:[]}">
						<div class="elementor-container elementor-column-gap-default">
					<div class="elementor-column elementor-col-100 elementor-top-column elementor-element elementor-element-30b3892" data-id="30b3892" data-element_type="column" data-e-type="column">
			<div class="elementor-widget-wrap elementor-element-populated">
						<div class="elementor-element elementor-element-4fabaa7 elementor-widget elementor-widget-text-editor" data-id="4fabaa7" data-element_type="widget" data-e-type="widget" data-widget_type="text-editor.default">
				<div class="elementor-widget-container">
									<div id="c22" class="frame frame-default frame-type-text frame-layout-0"><div class="csc-default"><p class="bodytext">Geiger GmbH<br />Grünstraße 4<br />77723 Gengenbach/Schwarzwald</p><p class="bodytext">Registre du commerce : HRB 734457<br />Tribunal d&rsquo;enregistrement : Tribunal d&rsquo;instance de Fribourg</p><p><strong>Celle-ci représentée par:</strong><br />Christian Geiger, Yannic Geiger</p><h2>Contact</h2><p>Téléphone : +49 (0) 78 03 / 809-0<br />E-mail : info@koehlerboard.com</p><h2>Numéro d&rsquo;identification fiscale</h2><p>Numéro d&rsquo;identification TVA conformément au § 27 a de la loi allemande sur la TVA :<br />DE459056680</p><h2>Règlement des litiges avec les consommateurs/organisme universel de conciliation</h2><p>Nous ne sommes ni disposés ni obligés de participer à des procédures de règlement des litiges devant un organisme de conciliation des consommateurs.</p></div></div><div id="lt-accessibility-devtools" aria-hidden="true"> </div>								</div>
				</div>
					</div>
		</div>
					</div>
		</section>
				</div>

<p>Geiger GmbHGrünstraße 477723 Gengenbach/Schwarzwald Registre du commerce : HRB 734457Tribunal d&rsquo;enregistrement : Tribunal d&rsquo;instance de Fribourg Celle-ci représentée par:Christian Geiger, Yannic Geiger Contact Téléphone : +49 (0) 78 03 / 809-0E-mail : info@koehlerboard.com Numéro d&rsquo;identification fiscale Numéro d&rsquo;identification TVA conformément au § 27 a de la loi allemande sur la TVA :DE459056680 Règlement des litiges [&hellip;]</p>

<title>Mentions légales - Köhlerpappen GmbH</title>
<meta name="robots" content="index, follow, max-snippet:-1, max-image-preview:large, max-video-preview:-1" />
<link rel="canonical" href="https://www.koehlerpappen.de/fr/mentions-legales/" />
<meta property="og:locale" content="fr_FR" />
<meta property="og:type" content="article" />
<meta property="og:title" content="Mentions légales - Köhlerpappen GmbH" />
<meta property="og:description" content="Geiger GmbHGrünstraße 477723 Gengenbach/Schwarzwald Registre du commerce : HRB 734457Tribunal d&rsquo;enregistrement : Tribunal d&rsquo;instance de Fribourg Celle-ci représentée par:Christian Geiger, Yannic Geiger Contact Téléphone : +49 (0) 78 03 / 809-0E-mail : info@koehlerboard.com Numéro d&rsquo;identification fiscale Numéro d&rsquo;identification TVA conformément au § 27 a de la loi allemande sur la TVA :DE459056680 Règlement des litiges [&hellip;]" />
<meta property="og:url" content="https://www.koehlerpappen.de/fr/mentions-legales/" />
<meta property="og:site_name" content="Köhlerpappen GmbH" />
<meta property="article:modified_time" content="2026-01-26T13:27:16+00:00" />
<meta name="twitter:card" content="summary_large_image" />
<meta name="twitter:label1" content="Durée de lecture estimée" />
	<meta name="twitter:data1" content="1 minute" />
<script type="application/ld+json" class="yoast-schema-graph">{"@context":"https:\/\/schema.org","@graph":[{"@type":"WebPage","@id":"https:\/\/www.koehlerpappen.de\/fr\/mentions-legales\/","url":"https:\/\/www.koehlerpappen.de\/fr\/mentions-legales\/","name":"Mentions légales - Köhlerpappen GmbH","isPartOf":{"@id":"https:\/\/www.koehlerpappen.de\/fr\/#website"},"datePublished":"2021-02-28T16:56:48+00:00","dateModified":"2026-01-26T13:27:16+00:00","breadcrumb":{"@id":"https:\/\/www.koehlerpappen.de\/fr\/mentions-legales\/#breadcrumb"},"inLanguage":"fr-FR","potentialAction":[{"@type":"ReadAction","target":["https:\/\/www.koehlerpappen.de\/fr\/mentions-legales\/"]}]},{"@type":"BreadcrumbList","@id":"https:\/\/www.koehlerpappen.de\/fr\/mentions-legales\/#breadcrumb","itemListElement":[{"@type":"ListItem","position":1,"name":"Page d'accueil","item":"https:\/\/www.koehlerpappen.de\/fr\/accueil-koehlerpappen\/"},{"@type":"ListItem","position":2,"name":"Mentions légales"}]},{"@type":"WebSite","@id":"https:\/\/www.koehlerpappen.de\/fr\/#website","url":"https:\/\/www.koehlerpappen.de\/fr\/","name":"Köhlerpappen GmbH","description":"","publisher":{"@id":"https:\/\/www.koehlerpappen.de\/fr\/#organization"},"potentialAction":[{"@type":"SearchAction","target":{"@type":"EntryPoint","urlTemplate":"https:\/\/www.koehlerpappen.de\/fr\/?s={search_term_string}"},"query-input":{"@type":"PropertyValueSpecification","valueRequired":true,"valueName":"search_term_string"}}],"inLanguage":"fr-FR"},{"@type":"Organization","@id":"https:\/\/www.koehlerpappen.de\/fr\/#organization","name":"Köhlerpappen GmbH","url":"https:\/\/www.koehlerpappen.de\/fr\/","logo":{"@type":"ImageObject","inLanguage":"fr-FR","@id":"https:\/\/www.koehlerpappen.de\/fr\/#\/schema\/logo\/image\/","url":"https:\/\/www.koehlerpappen.de\/wp-content\/uploads\/logo_koehlerpappen.svg","contentUrl":"https:\/\/www.koehlerpappen.de\/wp-content\/uploads\/logo_koehlerpappen.svg","width":134.22,"height":50.5,"caption":"Köhlerpappen GmbH"},"image":{"@id":"https:\/\/www.koehlerpappen.de\/fr\/#\/schema\/logo\/image\/"}}]}</script>

Mentions légales - Köhlerpappen GmbH

Geiger GmbHGrünstraße 477723 Gengenbach/Schwarzwald Registre du commerce : HRB 734457Tribunal d&rsquo;enregistrement : Tribunal d&rsquo;instance de Fribourg Celle-ci représentée par:Christian Geiger, Yannic Geiger Contact Téléphone : +49 (0) 78 03 / 809-0E-mail : info@koehlerboard.com Numéro d&rsquo;identification fiscale Numéro d&rsquo;identification TVA conformément au § 27 a de la loi allemande sur la TVA :DE459056680 Règlement des litiges [&hellip;]

Köhlerpappen GmbH
